-727*k + 731*k - 68. Let v(f) = 3*f**2 + 4. Let i = 2 + 1. What is the remainder when v(i) is divided by k?
14
Let p = -6 - -7. Calculate the remainder when (-600)/(-285) + 2/(-19) is divided by p.
0
Let g(v) = -2*v**3 + 32*v**2 + 36*v + 20. Calculate the remainder when 167 is divided by g(17).
5
Let v(r) = 2*r**2 - 14*r + 16. Let w(h) = 5*h**2 - 41*h + 47. Let m(t) = -8*v(t) + 3*w(t). Calculate the remainder when 160 is divided by m(-10).
22
Let z(s) = -4*s**2 + 3*s**2 + 8*s + 0*s**2 + 6. Let u(v) = v**2 - 2*v - 13. What is the remainder when z(5) is divided by u(-4)?
10
Let x(k) = -4*k + 26. Let o be x(20). Suppose 21 = q - u, -4*q - 5*u = -41 + 2. Calculate the remainder when (-2)/9 - 1578/o is divided by q.
13
Let y = -1340 - -1414. Let d(h) = 2*h**2 + 4*h - 1. What is the remainder when y is divided by d(-4)?
14
Suppose 4*a + 4*d - 242 = 6*d, -a = d - 59. What is the remainder when a is divided by 47?
13
Let k be (-9)/((-3 + 2)*3). Suppose -k*a - h + 47 = -0*a, 0 = 4*a + 3*h - 61. What is the remainder when 79 is divided by a?
15
Let a = -8 + 26. Suppose -2*z - 80 = -2*w, 5*w - 63 = -2*z + 102. Calculate the remainder when w is divided by a.
17
Let j(o) = -2*o - 11. Let q be j(-13). Suppose 0 = q*i - 11*i - 140. What is the remainder when i is divided by 19?
16
Suppose b - 287 = -150. What is the remainder when b is divided by 21?
11
Let r(v) = -v**3 - v**2 + v + 3. Let n be r(3). Suppose -l + 26 + 21 = y, 0 = -2*y - 4*l + 84. Let m = y + n. Calculate the remainder when 41 is divided by m.
19
Suppose 4*i - 3*i = 4. Suppose c - 20 = -i. Calculate the remainder when 61 is divided by c.
13
Suppose -112 = -23*g + 7*g. Suppose -4*q + p = -75, -3*q + 19 = -5*p - 50. Calculate the remainder when q is divided by g.
4
Let s(f) be the first derivative of 5/2*f**2 - 7*f - 1. What is the remainder when s(8) is divided by 9?
6
Suppose 16*n - 5005 = 12*n + q, -20 = 4*q. What is the remainder when n is divided by 57?
53
Suppose 6*n - 217 = 2*n + 5*j, -4*n + 2*j = -214. Calculate the remainder when n is divided by 45.
8
Suppose 0 = -3*c - 0 + 6. Let y(t) = -6*t**2 + t**3 + 2*t + 1 + 6*t**2 - t**c. What is the remainder when 16 is divided by y(2)?
7
Let o = 255 + -230. What is the remainder when 649 is divided by o?
24
Suppose -4*s + 7*s = 3312. What is the remainder when s is divided by 79?
77
Let p(l) = -l**3 - l**2 + 5*l - 3. Let q(b) = -5*b - 16. Suppose 5*z + 2 = 4*u - u, 2*u + 16 = -z. Calculate the remainder when p(-4) is divided by q(u).
11
Let p(g) = g**3 - 13*g**2 + g + 13. Suppose -144 = -2*s + 4*t, t - 25 = s - 98. What is the remainder when s is divided by p(13)?
22
Let y(m) = 3*m**3 - 9*m**2 - 2*m - 1. Calculate the remainder when y(5) is divided by 13.
9
Suppose -7*z + 2*z = -4*p + 101, -z + 90 = 5*p. What is the remainder when 65 is divided by p?
8
Let t(l) = l**3 - 22*l**2 + 2*l + 21. Calculate the remainder when 257 is divided by t(22).
62
Suppose 0 = 5*p - 5, -4*l + 2*p = l - 393. What is the remainder when l is divided by 5*(1 + (-44)/(-10))?
25
What is the remainder when 323 is divided by 3/(-2)*(476/42 - 14)?
3
Calculate the remainder when 2625/(-210)*(-332)/5 is divided by 17.
14
What is the remainder when (-2)/(-3) - (-207520)/480 is divided by 112?
97
Let x(f) = 5*f**3 - 4*f**2 + 7*f - 21. Suppose 5*v - 55 - 59 = 2*j, 2*j = -2*v + 40. What is the remainder when v is divided by x(2)?
5
Calculate the remainder when 5/(10/(-148))*(-33)/22 is divided by 14.
13
Let i = 558 - 552. What is the remainder when 6 is divided by i?
0
Let u(i) = -i**2 - 4*i + 3. Suppose -y + 5 = 2. Suppose -8 = y*x - x. What is the remainder when u(x) is divided by 3?
0
Calculate the remainder when (-3 - 1) + (3 - 2 - -184) is divided by 26.
25
Suppose 2*f + 5 = 5*y, 0 = y + 2*f + f - 18. Suppose 7*d - y*d = 64. Let z = d - 8. Calculate the remainder when 14 is divided by z.
6
Let n = -132 - -220. Calculate the remainder when 107 is divided by n.
19
Suppose -31 = 4*q - 379. Let b = q - 72. Calculate the remainder when 49 is divided by b.
4
Let u = 3 - -16. Let c = 16 + -31. Let a = u - c. Calculate the remainder when a is divided by 9.
7
Suppose 3*j + 3 = 0, 126*h - 123*h + 2*j = 202. Calculate the remainder when 267 is divided by h.
63
Suppose 2*f + 142 = 4*s, 3*s - 83 - 27 = -2*f. What is the remainder when 81 is divided by s?
9
What is the remainder when 5 + (-4)/1 - (-48 + 3) is divided by 21?
4
Let q(b) = -b**3 - 11*b**2 - 3*b - 7. Let d be q(-11). Let g = -4 + d. Calculate the remainder when 86 is divided by g.
20
Let l(a) = a**2 - 35*a - 17. Suppose -d = p + 129, 5*p - 288 + 915 = d. Let h = -51 - p. What is the remainder when h is divided by l(36)?
18
Let o = -715 + 784. Calculate the remainder when o is divided by 30.
9
Suppose -2*x - x = h, h + x - 2 = 0. Let s be 2*(60/(-1) - -1). What is the remainder when (s/(2 - h))/2 is divided by 15?
14
Let z be 0/((0 - 1)*2). Suppose 5*q - 4*q - 65 = z. Suppose 5*l = q + 15. What is the remainder when 46 is divided by l?
14
Let l(j) = -j**2 - 4*j + 34. Let i be l(4). Suppose 0 = -b - 5*g + 61, i*b = -4*g + 102 - 10. Calculate the remainder when 215 is divided by b.
35
Suppose 6 = -5*k + 16. Suppose 3*p = -k*t + 5*p + 22, -3*p + 3 = t. What is the remainder when 17 is divided by t?
8
Let c be (-6)/9 - 4/(-6). Let j = 2 + c. Suppose h - j*h = -21. Calculate the remainder when 83 is divided by h.
20
Let k = -93 + 137. What is the remainder when 3*-1 - (-4 - k) is divided by 23?
22
What is the remainder when 73 is divided by ((-10)/(-20))/(-2 - (-250)/124)?
11
Let m = 10 + -10. Suppose 4*o - 36 - 24 = m. Calculate the remainder when o is divided by 9.
6
Let w(n) = n**3 - n**2. Let a be w(0). Suppose a = 5*g + 50 - 5. Calculate the remainder when -1*(g + 2 + -3) is divided by 3.
1
Suppose -2*v = 10 - 16. Suppose 2*a - 4*o = 16, v*o + 3 + 27 = 3*a. What is the remainder when 47 is divided by a?
11
Suppose -65 - 85 = -3*k + x, -5*x = 0. What is the remainder when 99 is divided by k?
49
Suppose -96 = 2*w - 208. What is the remainder when 223 is divided by w?
55
Calculate the remainder when 118 is divided by (8 - 3) + 31 + 6.
34
Suppose -47*o + 1135 = -1497. Calculate the remainder when 1171 is divided by o.
51
Let d(r) be the second derivative of r**4/12 - r**3/3 + 19*r. What is the remainder when 9 is divided by d(3)?
0
Suppose 2*g + c = 7*g - 25, 3*g - 37 = 5*c. Suppose n + 4*n + u = 45, -5*u = 5*n - 25. What is the remainder when n is divided by g?
2
Suppose -3*k = -9, -6*w - 4*k + 87 = -5*w. What is the remainder when 147 is divided by w?
72
Suppose 365*c - 370*c = -1090. What is the remainder when c is divided by 44?
42
Suppose 30*w - 215 = 115. Suppose 3*b - 47 - 10 = 0. What is the remainder when b is divided by w?
8
Let a = -38 + 139. What is the remainder when a is divided by 7?
3
Let d = -834 + 915. Calculate the remainder when d is divided by 28.
25
Let j be (18/(-4))/(6/(-8)). Suppose -90 = -9*b + j*b. Calculate the remainder when b is divided by 16.
14
Let o = -32 + 39. Let q = -15 - -8. What is the remainder when o is divided by 4/((-4)/q) + -2?
2
What is the remainder when -28*(1/2)/(8/(-52)) is divided by 44?
3
Let o(b) = -b + 20. Let r be o(8). Let p(v) be the first derivative of 7*v**2/2 + 4*v - 2. What is the remainder when p(r) is divided by 15?
13
Suppose 285 = 2*r + 277. What is the remainder when 69 is divided by r?
1
Let a = 2579 + -2386. Calculate the remainder when a is divided by 39.
37
Let w = -338 + 365. Calculate the remainder when w is divided by 8.
3
Let t(k) = k**2 + 3*k + 14. Let l be t(-5). Let s = l + 18. What is the remainder when s is divided by 11?
9
Let q be 4/6*3/(-2). Let x be 12 + -10 + (-33)/q. Calculate the remainder when (4 - (-12)/(-4))*x is divided by 18.
17
Suppose 0 = m - v - 55, 0 = -2*m + 2*v + 3*v + 122. Let b be 4554/81 - (-2)/(-9). Let i = b + -38. What is the remainder when m is divided by i?
15
Let d be ((-6)/5)/((-2)/15). Let v = d + 2. Calculate the remainder when v is divided by 7.
4
Suppose -84*t - 248 = -86*t. Calculate the remainder when t is divided by 32.
28
Let z(m) = -m - 5. Let t be z(-5). Suppose t = -5*c - 3*i + 4*i - 32, 5*i + 8 = -3*c. Let v = -3 - c. What is the remainder when 12 is divided by v?
0
Let d be (-14)/(1/((-9)/(-2))). Suppose -10